f 194261135.
5, 4091, 9497
List the prime factors of 849250584.
2, 3, 7, 13, 227, 571
What are the prime factors of 1059545325?
3, 5, 14127271
What are the prime factors of 427867201?
223, 1918687
What are the prime factors of 407293950?
2, 3, 5, 7, 61, 6359
List the prime factors of 81657112.
2, 10207139
List the prime factors of 149636141.
139, 1076519
List the prime factors of 405215005.
5, 13, 6234077
What are the prime factors of 1900478546?
2, 23, 61, 127, 5333
What are the prime factors of 1786953533?
1786953533
List the prime factors of 68186740.
2, 5, 3409337
List the prime factors of 3058303129.
7, 101, 127, 34061
What are the prime factors of 944584707?
3, 11, 28623779
What are the prime factors of 5691027740?
2, 5, 31, 479, 19163
What are the prime factors of 182053255?
5, 17, 2141803
List the prime factors of 175269993.
3, 53, 337, 3271
What are the prime factors of 489391856?
2, 30586991
What are the prime factors of 10289706?
2, 3, 7, 31, 1129
List the prime factors of 60886806.
2, 3, 443, 22907
What are the prime factors of 153985502?
2, 11, 6999341
List the prime factors of 28835367.
3, 11, 29, 1039
List the prime factors of 2557176139.
7, 269, 1358033
List the prime factors of 178768833.
3, 59589611
What are the prime factors of 210145882?
2, 1429, 73529
List the prime factors of 741951866.
2, 370975933
What are the prime factors of 1011585678?
2, 3, 23, 79, 92789
List the prime factors of 553281667.
151, 3664117
What are the prime factors of 710586278?
2, 31, 11461069
List the prime factors of 5950902.
2, 3, 991817
List the prime factors of 991509200.
2, 5, 11, 225343
List the prime factors of 4900439.
4900439
List the prime factors of 159232833.
3, 31, 173, 3299
List the prime factors of 11845012.
2, 2961253
List the prime factors of 230239721.
17, 3001, 4513
What are the prime factors of 998463188?
2, 929, 268693
List the prime factors of 3075371361.
3, 83, 743, 1847
What are the prime factors of 1015296?
2, 3, 661
What are the prime factors of 182227314?
2, 3, 30371219
List the prime factors of 51942245.
5, 2069, 5021
What are the prime factors of 147664711?
147664711
What are the prime factors of 6645939248?
2, 13, 31951631
List the prime factors of 769880705.
5, 11, 89, 157279
List the prime factors of 20772325.
5, 7, 31, 547
List the prime factors of 6218720391.
3, 13, 53, 283, 10631
What are the prime factors of 5949302535?
3, 5, 11, 31, 47, 73, 113
What are the prime factors of 3009280375?
5, 53, 454231
What are the prime factors of 4056228531?
3, 450692059
List the prime factors of 8366584266.
2, 3, 283, 467, 3517
List the prime factors of 179761292.
2, 44940323
List the prime factors of 914186547.
3, 191, 269, 659
What are the prime factors of 40134666?
2, 3, 11, 13, 29, 1613
What are the prime factors of 57483497?
467, 123091
What are the prime factors of 190305833?
907, 209819
List the prime factors of 42137062.
2, 11, 1915321
What are the prime factors of 1597796122?
2, 13, 29, 2119093
What are the prime factors of 16754660?
2, 5, 13, 4957
What are the prime factors of 536329583?
17, 43, 173, 4241
List the prime factors of 152371985.
5, 30474397
List the prime factors of 308617229.
193, 1599053
List the prime factors of 609363391.
7, 13, 617, 10853
List the prime factors of 137299530.
2, 3, 5, 4576651
List the prime factors of 947291358.
2, 3, 13, 12144761
What are the prime factors of 158930798?
2, 13, 6112723
List the prime factors of 19905266.
2, 17, 307, 1907
List the prime factors of 22410876.
2, 3, 1867573
List the prime factors of 106461385.
5, 21292277
What are the prime factors of 5092505051?
4079, 1248469
What are the prime factors of 379556495?
5, 29, 2617631
List the prime factors of 246749837.
1307, 188791
List the prime factors of 1374619104.
2, 3, 23, 207521
List the prime factors of 67478637.
3, 4523, 4973
What are the prime factors of 1277501913?
3, 131, 457, 2371
List the prime factors of 909937654.
2, 454968827
What are the prime factors of 2999709182?
2, 1499854591
What are the prime factors of 497612256?
2, 3, 5183461
List the prime factors of 108184049.
61, 71, 24979
What are the prime factors of 225881367?
3, 19, 23, 172297
List the prime factors of 90662.
2, 11, 13, 317
What are the prime factors of 74407276?
2, 18601819
List the prime factors of 2558177171.
11, 232561561
What are the prime factors of 55165946?
2, 11, 29, 86467
List the prime factors of 3121998213.
3, 24371, 42701
List the prime factors of 386856830.
2, 5, 37, 1045559
List the prime factors of 14879500.
2, 5, 29759
What are the prime factors of 263813106?
2, 3, 17, 41, 199, 317
What are the prime factors of 257074932?
2, 3, 761, 28151
What are the prime factors of 895060618?
2, 447530309
What are the prime factors of 32400623?
17, 131, 14549
List the prime factors of 58060647.
3, 6451183
List the prime factors of 402713600.
2, 5, 15731
What are the prime factors of 1122278907?
3, 374092969
List the prime factors of 59466279.
3, 19822093
What are the prime factors of 3521591?
61, 57731
What are the prime factors of 2342217619?
7, 17, 41, 480061
What are the prime factors of 1942099325?
5, 109, 712697
List the prime factors of 54299538.
2, 3, 31, 163, 199
List the prime factors of 499960006.
2, 7, 13, 2747033
What are the prime factors of 160251814?
2, 19, 223, 18911
What are the prime factors of 45642056?
2, 29, 113, 1741
List the prime factors of 700338606.
2, 3, 11, 673, 15767
What are the prime factors of 909940030?
2, 5, 23, 3956261
List the prime factors of 159031638.
2, 3, 1301, 6791
What are the prime factors of 684539883?
3, 107, 236947
List the prime factors of 138329714.
2, 17, 227, 17923
List the prime factors of 590097872.
2, 7, 13, 405287
List the prime factors of 8086016.
2, 17, 929
What are the prime factors of 75202805?
5, 15040561
What are the prime factors of 322768063?
31, 10411873
List the prime factors of 161975352.
2, 3, 7, 11, 87649
What are the prime factors of 132952975?
5, 19, 113, 2477
List the prime factors of 115862545.
5, 23172509
What are the prime factors of 107836103?
5501, 19603
What are the prime factors of 6814057?
6814057
List the prime factors of 3882574642.
2, 73, 26592977
List the prime factors of 216004067.
216004067
List the prime factors of 138676311.
3, 15408479
List the prime factors of 57794975.
5, 7, 23, 83, 173
List the prime factors of 93464789.
11, 41, 207239
What are the prime factors of 686199168?
2, 3, 198553
What are the prime factors of 46528302?
2, 3, 19, 73, 5591
What are the prime factors of 6669194?
2, 7, 68053
What are the prime factors of 985409430?
2, 3, 5, 32846981
What are the prime factors of 37540721?
31, 79, 15329
What are the prime factors of 7672948652?
2, 1918237163
List the prime factors of 170624839.
7, 11, 1367, 1621
List the prime factors of 1308892865.
5, 7, 277, 135007
What are the prime factors of 18289532?
2, 4572383
List the prime factors of 82007336.
2, 10250917
What are the prime factors of 326056700?
2, 5, 79, 149, 277
What are the prime factors of 377745934?
2, 188872967
List the prime factors of 587038421.
19, 30896759
What are the prime factors of 1874148934?
2, 7, 181, 739601
What are the prime factors of 262374778?
2, 421, 311609
List the prime factors of 2783412.
2, 3, 77317
List the prime factors of 1764252771.
3, 19, 47, 658549
List the prime factors of 970371635.
5, 47, 4129241
What are the prime factors of 138876376?
2, 613, 28319
List the prime factors of 4581599786.
2, 79, 181, 160207
List the prime factors of 1291169506.
2, 11, 71, 826613
What are the prime factors of 3479516879?
2659, 1308581
What are the prime factors of 973209084?
2, 3, 107, 757951
List the prime factors of 245265889.
11, 19, 1173521
List the prime factors of 133373679.
3, 1523, 29191
What are the prime factors of 1093219483?
47, 2381, 9769
List the prime factors of 1005845015.
5, 7, 28738429
List the prime factors of 723635830.
2, 5, 72363583
List the prime factors of 1252865154.
2, 3, 23, 9078733
What are the prime factors of 17058513?
3, 127, 44773
What are the prime factors of 169981404?
2, 3, 37, 311, 1231
What are the prime factors of 637746848?
2, 19929589
List the prime factors of 179673784.
2, 1013, 22171
List the prime factors of 1605865082.
2, 